What is the hundred thousands digit of 12987291?
9
What is the thousands digit of 6050744275?
4
What is the hundred thousands digit of 2095195362?
1
What is the units digit of 4460286050?
0
What is the ten thousands digit of 682704793?
0
What is the thousands digit of 138601696?
1
What is the millions digit of 1179341643?
9
What is the ten thousands digit of 3147062150?
6
What is the hundred thousands digit of 4264929847?
9
What is the hundred millions digit of 620144488?
6
What is the ten millions digit of 95999023?
9
What is the hundred thousands digit of 58998796?
9
What is the thousands digit of 53473107?
3
What is the hundred millions digit of 1076783757?
0
What is the thousands digit of 17467335?
7
What is the hundred thousands digit of 348467738?
4
What is the ten thousands digit of 367418107?
1
What is the units digit of 2247411353?
3
What is the millions digit of 3593362741?
3
What is the millions digit of 6651092768?
1
What is the units digit of 104779425?
5
What is the ten thousands digit of 1092406363?
0
What is the hundred thousands digit of 3060206547?
2
What is the tens digit of 90984444?
4
What is the ten millions digit of 29983666?
2
What is the millions digit of 3092912919?
2
What is the ten thousands digit of 23521402?
2
What is the units digit of 2292189343?
3
What is the ten millions digit of 433406683?
3
What is the hundred thousands digit of 48748342?
7
What is the thousands digit of 4564693?
4
What is the ten millions digit of 868028724?
6
What is the thousands digit of 29106520?
6
What is the thousands digit of 204536902?
6
What is the millions digit of 150137653?
0
What is the hundred millions digit of 2929348124?
9
What is the millions digit of 9134107?
9
What is the tens digit of 71564428?
2
What is the ten millions digit of 939306570?
3
What is the ten thousands digit of 9751270?
5
What is the tens digit of 98944924?
2
What is the units digit of 657026970?
0
What is the tens digit of 134197054?
5
What is the millions digit of 206968058?
6
What is the tens digit of 48013743?
4
What is the hundreds digit of 42960476?
4
What is the units digit of 49633525?
5
What is the millions digit of 1626881753?
6
What is the hundreds digit of 118260629?
6
What is the ten millions digit of 46294611?
4
What is the thousands digit of 503630714?
0
What is the units digit of 17981278?
8
What is the hundreds digit of 96536110?
1
What is the hundreds digit of 1903503261?
2
What is the tens digit of 368916593?
9
What is the millions digit of 15270326?
5
What is the units digit of 27563769?
9
What is the hundred millions digit of 6438757880?
4
What is the thousands digit of 19618944?
8
What is the millions digit of 21943127?
1
What is the ten thousands digit of 270907271?
0
What is the hundred thousands digit of 54746152?
7
What is the billions digit of 1103727685?
1
What is the hundred thousands digit of 79599777?
5
What is the tens digit of 31227497?
9
What is the tens digit of 6338664125?
2
What is the hundred thousands digit of 60116263?
1
What is the millions digit of 57222790?
7
What is the thousands digit of 357540630?
0
What is the millions digit of 125338626?
5
What is the millions digit of 4102768856?
2
What is the millions digit of 139844632?
9
What is the hundred thousands digit of 2466615622?
6
What is the ten thousands digit of 36129389?
2
What is the ten millions digit of 488150183?
8
What is the tens digit of 1261012960?
6
What is the millions digit of 1196963652?
6
What is the units digit of 3512887026?
6
What is the units digit of 856659986?
6
What is the hundred thousands digit of 4293667767?
6
What is the thousands digit of 443619119?
9
What is the ten thousands digit of 5974875?
7
What is the units digit of 76873110?
0
What is the billions digit of 1913086418?
1
What is the units digit of 98934584?
4
What is the hundred thousands digit of 16908763?
9
What is the ten thousands digit of 552425718?
2
What is the thousands digit of 137229875?
9
What is the ten millions digit of 165297687?
6
What is the thousands digit of 96050381?
0
What is the hundred thousands digit of 258681463?
6
What is the units digit of 2518868719?
9
What is the millions digit of 24667519?
4
What is the tens digit of 39875066?
6
What is the ten millions digit of 20374725?
2
What is the thousands digit of 18637221?
7
What is the thousands digit of 205822390?
2
What is the tens digit of 332742930?
3
What is the millions digit of 9008949279?
8
What is the units digit of 71975615?
5
What is the tens digit of 3682347?
4
What is the hundred thousands digit of 2566122646?
1
What is the thousands digit of 4087564?
7
What is the hundred thousands digit of 3188247067?
2
What is the thousands digit of 257429274?
9
What is the millions digit of 204184912?
4
What is the hundreds digit of 54836487?
4
What is the thousands digit of 352751441?
1
What is the tens digit of 134747066?
6
What is the hundreds digit of 543162077?
0
What is the units digit of 1993278971?
1
What is the thousands digit of 244708809?
8
What is the hundred thousands digit of 188992976?
9
What is the hundreds digit of 114946964?
9
What is the tens digit of 126032327?
2
What is the tens digit of 647160755?
5
What is the thousands digit of 65080423?
0
What is the hundreds digit of 71886580?
5
What is the units digit of 694546886?
6
What is the units digit of 223474075?
5
What is the hundred thousands digit of 345344031?
3
What is the ten millions digit of 126515579?
2
What is the units digit of 2999687639?
9
What is the ten millions digit of 228602602?
2
What is the ten millions digit of 404071108?
0
What is the units digit of 575119962?
2
What is the hundreds digit of 21803576?
5
What is the tens digit of 16551758?
5
What is the units digit of 77647552?
2
What is the millions digit of 53630746?
3
What is the units digit of 41029578?
8
What is the tens digit of 406813215?
1
What is the hundred thousands digit of 5541366?
5
What is the ten thousands digit of 133390332?
9
What is the ten millions digit of 64732320?
6
What is the hundred millions digit of 3238597888?
2
What is the thousands digit of 103808323?
8
What is the millions digit of 777168735?
7
What is the units digit of 58123030?
0
What is the hundreds digit of 386962483?
4
What is the ten thousands digit of 100061141?
6
What is the hundred millions digit of 782364243?
7
What is the hundred thousands digit of 233022300?
0
What is the hundred thousands digit of 1587958376?
9
What is the thousands digit of 3936376804?
6
What is the ten thousands digit of 266558076?
5
What is the hundreds digit of 112004718?
7
What is the thousands digit of 22864494?
4
What is the hundreds digit of 69099641?
6
What is the hundred millions digit of 244656391?
2
What is the tens digit of 284113069?
6
What is the hundreds digit of 193727125?
1
What is the thousands digit of 40784141?
4
What is the hundreds digit of 635109405?
4
What is the thousands digit of 12463524?
3
What is the ten thousands digit of 91289956?
8
What is the units digit of 273887905?
5
What is the millions digit of 722668829?
2
What is the hundreds digit of 214448917?
9
What is the units digit of 1704933989?
9
What is the millions digit of 6079780040?
9
What is the ten millions digit of 198854735?
9
What is the millions digit of 61889491?
1
What is the hundreds digit of 243262625?
6
What is the hundred thousands digit of 901064812?
0
What is the tens digit of 274004?
0
What is the tens digit of 2132217399?
9
What is the units digit of 303809523?
3
What is the units digit of 364317850?
0
What is the ten millions digit of 4703840850?
0
What is the thousands digit of 94617948?
7
What is the hundred millions digit of 287351872?
2
What is the tens digit of 28385692?
9
What is the units digit of 24802646?
6
What is the hundreds digit of 226905490?
4
What is the units digit of 53217654?
4
What is the units digit of 21003574?
4
What is the ten thousands digit of 61796588?
9
What is the thousands digit of 79984029?
4
What is the millions digit of 69498603?
9
What is the millions digit of 61312868?
1
What is the hundred thousands digit of 24655704?
6
What is the millions digit of 156132834?
6
What is the hundred thousands digit of 126746270?
7
What is the hundreds digit of 3162658556?
5
What is